site number?
True
Is 105661 a prime number?
False
Is 463907 a composite number?
False
Is 319857 composite?
True
Is 10685 prime?
False
Is 3793 composite?
False
Is 7151 composite?
False
Is 125519 a composite number?
True
Is 291077 composite?
False
Is 4560181 a prime number?
True
Is 323699 a prime number?
True
Is 1299835 prime?
False
Is 111029 composite?
False
Is 4195 composite?
True
Is 33083 prime?
True
Is 23269 prime?
True
Is 8921 a prime number?
False
Is 188107 a prime number?
True
Is 24223 prime?
True
Is 221447 prime?
True
Is 482882 a prime number?
False
Is 11677 prime?
True
Is 7807 prime?
False
Is 28207 a composite number?
True
Is 8251 a prime number?
False
Is 502111 composite?
True
Is 55073 a prime number?
True
Is 4537 a prime number?
False
Is 21363 composite?
True
Is 10487 a prime number?
True
Is 449381 a prime number?
True
Is 19231 a composite number?
False
Is 252101 prime?
True
Is 179147 a composite number?
True
Is 539141 composite?
False
Is 3143 prime?
False
Is 52135 a prime number?
False
Is 71017 prime?
False
Is 25733 a composite number?
False
Is 367399 a prime number?
False
Is 1079 composite?
True
Is 99547 a composite number?
True
Is 5401 prime?
False
Is 2767 composite?
False
Is 653927 a prime number?
True
Is 78297 composite?
True
Is 5062 prime?
False
Is 4614887 prime?
True
Is 422401 a prime number?
False
Is 90617 prime?
True
Is 557 prime?
True
Is 37087 a prime number?
True
Is 263873 composite?
True
Is 414013 prime?
True
Is 20789 prime?
True
Is 168389 a prime number?
False
Is 421783 a prime number?
True
Is 3659 a composite number?
False
Is 932647 prime?
True
Is 100999 a prime number?
True
Is 2721 a prime number?
False
Is 76031 a prime number?
True
Is 6007 a prime number?
True
Is 25391 prime?
True
Is 34249 a prime number?
False
Is 144253 a composite number?
False
Is 46385 composite?
True
Is 295339 a composite number?
True
Is 189929 composite?
False
Is 359837 composite?
False
Is 5318303 a prime number?
True
Is 78151 composite?
True
Is 302383 a composite number?
True
Is 6541 composite?
True
Is 716227 a composite number?
True
Is 138995 composite?
True
Is 12781 a composite number?
False
Is 24253 composite?
True
Is 160861 prime?
True
Is 14923 a prime number?
True
Is 2219545 prime?
False
Is 26303 a composite number?
True
Is 13523 a prime number?
True
Is 1161515 a prime number?
False
Is 46573 a composite number?
False
Is 142661 prime?
False
Is 9617 composite?
True
Is 118493 a composite number?
False
Is 84551 a composite number?
False
Is 10117 a composite number?
True
Is 12097 prime?
True
Is 5779 a prime number?
True
Is 96445 prime?
False
Is 35395 a composite number?
True
Is 93911 a prime number?
True
Is 4661 composite?
True
Is 408427 prime?
True
Is 12373 a composite number?
False
Is 51703 a composite number?
True
Is 24019 a prime number?
True
Is 511793 prime?
True
Is 83455 a prime number?
False
Is 57841 composite?
True
Is 1094403 a composite number?
True
Is 338638 composite?
True
Is 38495 prime?
False
Is 13963 a composite number?
False
Is 254 prime?
False
Is 8893 prime?
True
Is 9229 composite?
True
Is 39481 prime?
False
Is 6995 prime?
False
Is 673103 composite?
True
Is 1283411 prime?
False
Is 5077 a prime number?
True
Is 1807 prime?
False
Is 198013 composite?
False
Is 2157 composite?
True
Is 134837 a composite number?
False
Is 629 prime?
False
Is 36379 a prime number?
False
Is 192133 a prime number?
True
Is 967733 prime?
False
Is 385559 a prime number?
True
Is 172741 a composite number?
False
Is 11777 composite?
False
Is 11311 composite?
False
Is 1472651 a prime number?
False
Is 768093 prime?
False
Is 250433 a prime number?
True
Is 681838 composite?
True
Is 3925265 prime?
False
Is 1334969 a prime number?
True
Is 3293 prime?
False
Is 35693 composite?
True
Is 4493 prime?
True
Is 160957 a composite number?
True
Is 3197 composite?
True
Is 84751 prime?
True
Is 216217 a prime number?
True
Is 211 a composite number?
False
Is 1711 prime?
False
Is 1949 a prime number?
True
Is 18877 composite?
True
Is 34313 prime?
True
Is 174929 prime?
True
Is 476507 prime?
True
Is 99607 prime?
True
Is 221 a composite number?
True
Is 42311 a composite number?
True
Is 336703 composite?
False
Is 3418 prime?
False
Is 2042717 prime?
True
Is 184031 prime?
True
Is 63197 a prime number?
True
Is 839 a composite number?
False
Is 1541171 a composite number?
False
Is 320567 composite?
True
Is 43763 prime?
False
Is 88919 a prime number?
True
Is 6731 prime?
False
Is 1063303 prime?
True
Is 9797 prime?
False
Is 7799 a prime number?
False
Is 29899 composite?
True
Is 282071 composite?
False
Is 13367 a composite number?
False
Is 41479 prime?
True
Is 4405 composite?
True
Is 1206887 prime?
False
Is 56647 prime?
False
Is 80167 composite?
False
Is 97057 a composite number?
True
Is 12197 composite?
False
Is 385334 prime?
False
Is 56806 composite?
True
Is 63901 a prime number?
True
Is 29363 a prime number?
True
Is 3593 prime?
True
Is 557545 prime?
False
Is 37409 a composite number?
False
Is 2566709 composite?
False
Is 34313 composite?
False
Is 805213 a composite number?
False
Is 7219 composite?
False
Is 188459 composite?
False
Is 5257 a composite number?
True
Is 231683 a composite number?
True
Is 7817 a prime number?
True
Is 2199 prime?
False
Is 685469 prime?
False
Is 18169 a prime number?
True
Is 13798 a composite number?
True
Is 23601 composite?
True
Is 85535 a composite number?
True
Is 26141 composite?
False
Is 863 composite?
False
Is 87911 a composite number?
False
Is 6319 a composite number?
True
Is 485755 prime?
False
Is 15419 a prime number?
False
Is 6779 a composite number?
False
Is 41281 composite?
False
Is 2921 a prime number?
False
Is 5951 composite?
True
Is 251987 a composite number?
True
Is 1994906 a composite number?
True
Is 128099 prime?
True
Is 54493 a composite number?
False
Is 47903 a composite number?
False
Is 44633 prime?
True
Is 24593 a composite number?
False
Is 49223 composite?
False
Is 182705 a composite number?
True
Is 12599 composite?
True
Is 20431 a composite number?
False
Is 86971 composite?
True
Is 2927 a prime number?
True
Is 4726457 composite?
False
Is 9781 a prime number?
True
Is 27953 composite?
False
Is 137179 a composite number?
True
Is 23159 composite?
False
Is 44101 prime?
True
Is 953 prime?
True
Is 3989 a prime number?
True
Is 26587 composite?
True
Is 24029 a composite number?
False
Is 8839 a prime number?
True
Is 4277777 composite?
True
Is 39587 a prime number?
False
Is 9871 a composite number?
False
Is 21001 composite?
False
Is 111835 composite?
True
Is 1665689 a prime number?
True
Is 1327 a prime number?
True
Is 5847 composite?
True
Is 2051 a prime number?
False
Is 20849 a prime number?
True
Is 31247 prime?
True
Is 12713 a composite number?
False
Is 1914323 composite?
False
Is 53659 a prime number?
False
Is 571903 prime?
True
Is 86689 a prime number?
True
Is 589487 a composite number?
True
Is 11213 prime?
True
Is 641 composite?
False
Is 27901 a composite number?
False
Is 29201 composite?
False
Is 220279 a composite number?
False
Is 28201 composite?
False
Is 7745 a prime number?
False
Is 109157 composite?
True
Is 501947 composite?
False
Is 3781 a prime number?
False
Is 188519 prime?
True
Is 419257 a prime number?
False
Is 595297 a composite number?
True
Is 73259 prime?
True
Is 2524649 a prime number?
True
Is 3613 a prime number?
True
Is 15877 prime?
True
Is 19661 prime?
True
Is 30273 prime?
False
Is 3499 a prime number?
True
Is 1709 prime?
True
Is 623837 prime?
False
Is 35291 prime?
True
Is 23447 prime?
True
Is 9287 prime?
False
Is 105437 a composite number?
False
Is 61865 composite?
True
Is 25013 a prime number?
True
Is 23677 a prime number?
True
Is 2725666 a prime number?
False
Is 38543 composite?
False
Is 1142473 a composite number?
False
Is 2629 composite?
True
Is 63579 a composite number?
True
Is 981769 a prime number?
True
Is 3508201 a composite number?
False
Is 2579 a composite number?
False
Is 33457 composite?
False
Is 1309881 a prime number?
False
Is 3011 composite?
False
Is 12178 a composite number?
True
Is 300557 a prime number?
True
Is 221 prime?
False
Is 123293 a prime number?
False
Is 649 a prime number?
False
Is 1450623 a prime number?
False
Is 95189 prime?
True
Is 34297 composite?
False
Is 9863 composite?
True
Is 2161 a composite nu